{"id":981,"date":"2014-12-17T14:15:50","date_gmt":"2014-12-17T13:15:50","guid":{"rendered":"http:\/\/mnbruchepiemont.org\/?page_id=981"},"modified":"2024-01-11T10:30:34","modified_gmt":"2024-01-11T09:30:34","slug":"grand-public","status":"publish","type":"page","link":"https:\/\/mnbruchepiemont.org\/?page_id=981","title":{"rendered":"Adh\u00e9rents"},"content":{"rendered":"<p>Les activit\u00e9s propos\u00e9es sont destin\u00e9es \u00e0 nos membres (enfants compris en cas d&#8217;adh\u00e9sion familiale). Cela permet de les assurer et de les tenir inform\u00e9s de l&#8217;actualit\u00e9 de l&#8217;association. Il vous est toujours possible d&#8217;adh\u00e9rer au d\u00e9but d&#8217;une animation si vous n&#8217;\u00eates pas membre.<\/p>\n<p>Vous pouvez<br \/>\n&#8211; adh\u00e9rer &#8220;en ligne&#8221; en utilisant le lien vers <a href=\"https:\/\/www.helloasso.com\/associations\/maison-de-la-nature-bruche-piemont\/adhesions\/adhesion-en-ligne-2024\" target=\"_blank\" rel=\"noopener\">HelloAsso ici<\/a><br \/>\nou<br \/>\n&#8211; utiliser le bulletin ci-dessous et le remettre \u00e0 l&#8217;association lors de votre prochain contact (pour charger le document <a href=\"https:\/\/mnbruchepiemont.org\/WORDPRESS\/wp-content\/uploads\/MNBP-bulletin-dadhesion-2024.docx\" target=\"_blank\" rel=\"noopener\">MNBP bulletin d&#8217;adh\u00e9sion 2024<\/a>)<\/p>\n<p><a href=\"https:\/\/mnbruchepiemont.org\/WORDPRESS\/wp-content\/uploads\/MNBP-bulletin-dadhesion-2024.docx\">MNBP bulletin d&#8217;adh\u00e9sion 2024<\/a><\/p>\n","protected":false},"excerpt":{"rendered":"<p>Les activit\u00e9s propos\u00e9es sont destin\u00e9es \u00e0 nos membres (enfants compris en cas d&#8217;adh\u00e9sion familiale). Cela permet de les assurer et de les tenir inform\u00e9s de l&#8217;actualit\u00e9 de l&#8217;association. Il vous est toujours possible d&#8217;adh\u00e9rer au d\u00e9but d&#8217;une animation si vous &hellip; <a href=\"https:\/\/mnbruchepiemont.org\/?page_id=981\">Continuer la lecture <span class=\"meta-nav\">&rarr;<\/span><\/a><\/p>\n","protected":false},"author":8,"featured_media":0,"parent":0,"menu_order":0,"comment_status":"closed","ping_status":"closed","template":"","meta":{"footnotes":""},"class_list":["post-981","page","type-page","status-publish","hentry"],"_links":{"self":[{"href":"https:\/\/mnbruchepiemont.org\/index.php?rest_route=\/wp\/v2\/pages\/981","targetHints":{"allow":["GET"]}}],"collection":[{"href":"https:\/\/mnbruchepiemont.org\/index.php?rest_route=\/wp\/v2\/pages"}],"about":[{"href":"https:\/\/mnbruchepiemont.org\/index.php?rest_route=\/wp\/v2\/types\/page"}],"author":[{"embeddable":true,"href":"https:\/\/mnbruchepiemont.org\/index.php?rest_route=\/wp\/v2\/users\/8"}],"replies":[{"embeddable":true,"href":"https:\/\/mnbruchepiemont.org\/index.php?rest_route=%2Fwp%2Fv2%2Fcomments&post=981"}],"version-history":[{"count":14,"href":"https:\/\/mnbruchepiemont.org\/index.php?rest_route=\/wp\/v2\/pages\/981\/revisions"}],"predecessor-version":[{"id":5773,"href":"https:\/\/mnbruchepiemont.org\/index.php?rest_route=\/wp\/v2\/pages\/981\/revisions\/5773"}],"wp:attachment":[{"href":"https:\/\/mnbruchepiemont.org\/index.php?rest_route=%2Fwp%2Fv2%2Fmedia&parent=981"}],"curies":[{"name":"wp","href":"https:\/\/api.w.org\/{rel}","templated":true}]}}