{"id":6465,"date":"2025-11-12T15:24:26","date_gmt":"2025-11-12T14:24:26","guid":{"rendered":"https:\/\/mnbruchepiemont.org\/?page_id=6465"},"modified":"2025-11-12T15:32:17","modified_gmt":"2025-11-12T14:32:17","slug":"resultats-2025-2","status":"publish","type":"page","link":"https:\/\/mnbruchepiemont.org\/?page_id=6465","title":{"rendered":"R\u00e9sultats 2025"},"content":{"rendered":"<p><a href=\"https:\/\/mnbruchepiemont.org\/WORDPRESS\/?page_id=6458\">R\u00e9sultats 2025 Concours Scolaire | Maison de la Nature Bruche Pi\u00e9mont<\/a><\/p>\n<p><a href=\"https:\/\/mnbruchepiemont.org\/WORDPRESS\/?page_id=6402\">R\u00e9sultats 2025 Concours Photos | Maison de la Nature Bruche Pi\u00e9mont<\/a><\/p>\n<p><a href=\"https:\/\/mnbruchepiemont.org\/WORDPRESS\/?page_id=6410\">R\u00e9sultats 2025 Racines et citations | Maison de la Nature Bruche Pi\u00e9mont<\/a><\/p>\n","protected":false},"excerpt":{"rendered":"<p>R\u00e9sultats 2025 Concours Scolaire | Maison de la Nature Bruche Pi\u00e9mont R\u00e9sultats 2025 Concours Photos | Maison de la Nature Bruche Pi\u00e9mont R\u00e9sultats 2025 Racines et citations | Maison de la Nature Bruche Pi\u00e9mont<\/p>\n","protected":false},"author":8,"featured_media":0,"parent":0,"menu_order":0,"comment_status":"closed","ping_status":"closed","template":"","meta":{"footnotes":""},"class_list":["post-6465","page","type-page","status-publish","hentry"],"_links":{"self":[{"href":"https:\/\/mnbruchepiemont.org\/index.php?rest_route=\/wp\/v2\/pages\/6465","targetHints":{"allow":["GET"]}}],"collection":[{"href":"https:\/\/mnbruchepiemont.org\/index.php?rest_route=\/wp\/v2\/pages"}],"about":[{"href":"https:\/\/mnbruchepiemont.org\/index.php?rest_route=\/wp\/v2\/types\/page"}],"author":[{"embeddable":true,"href":"https:\/\/mnbruchepiemont.org\/index.php?rest_route=\/wp\/v2\/users\/8"}],"replies":[{"embeddable":true,"href":"https:\/\/mnbruchepiemont.org\/index.php?rest_route=%2Fwp%2Fv2%2Fcomments&post=6465"}],"version-history":[{"count":4,"href":"https:\/\/mnbruchepiemont.org\/index.php?rest_route=\/wp\/v2\/pages\/6465\/revisions"}],"predecessor-version":[{"id":6471,"href":"https:\/\/mnbruchepiemont.org\/index.php?rest_route=\/wp\/v2\/pages\/6465\/revisions\/6471"}],"wp:attachment":[{"href":"https:\/\/mnbruchepiemont.org\/index.php?rest_route=%2Fwp%2Fv2%2Fmedia&parent=6465"}],"curies":[{"name":"wp","href":"https:\/\/api.w.org\/{rel}","templated":true}]}}