{"id":5930,"date":"2024-07-22T16:18:43","date_gmt":"2024-07-22T14:18:43","guid":{"rendered":"https:\/\/mnbruchepiemont.org\/?page_id=5930"},"modified":"2024-08-20T12:22:01","modified_gmt":"2024-08-20T10:22:01","slug":"jardins-ouverts-2024-dimanche-25-aout-2024","status":"publish","type":"page","link":"https:\/\/mnbruchepiemont.org\/?page_id=5930","title":{"rendered":"Jardins ouverts 2024 &#8211; Dimanche 25 ao\u00fbt 2024 &#8211; 10h \u00e0 18h"},"content":{"rendered":"<p><span style=\"font-size: large;\"><i>Jardins ouverts 2024<\/i><\/span><\/p>\n<p><span style=\"font-size: large;\"><i>Cultivons l&#8217;\u00e9change en ouvrant nos jardins!<\/i><\/span><\/p>\n<p><span style=\"font-size: large;\"><i>Cette ann\u00e9e, cette manifestation traditionnelle aura lieu le\u00a0<span id=\"OBJ_PREFIX_DWT47_com_zimbra_date\" class=\"Object\" role=\"link\">dimanche<\/span>\u00a025 ao\u00fbt de 10h \u00e0 18h.<\/i><\/span><\/p>\n<p><span style=\"font-size: large;\"><i>Les accueillants (du territoire Bruche Pi\u00e9mont) s&#8217;inscrivent sur <span id=\"OBJ_PREFIX_DWT48_com_zimbra_url\" class=\"Object\" role=\"link\"><a href=\"https:\/\/www.helloasso.com\/associations\/maison-de-la-nature-bruche-piemont\/evenements\/jardins-ouverts-2024\" target=\"_blank\" rel=\"nofollow noopener noreferrer\">ce lien<\/a><\/span>\u00a0avant le 18 ao\u00fbt pour ouvrir au moins deux heures selon leur convenance.<\/i><\/span><\/p>\n<p><span style=\"font-size: large;\"><i>Les visiteurs s&#8217;inscriront sur place apr\u00e8s avoir consult\u00e9 la liste des jardins et les horaires sur ce site.\u00a0<a href=\"https:\/\/mnbruchepiemont.org\/WORDPRESS\/wp-content\/uploads\/LISTE-DES-JARDINS-OUVERTS-EDITION-2024.pdf\" target=\"_blank\" rel=\"noopener\">Pour ouvrir la liste<\/a><\/i><\/span><\/p>\n<p><span style=\"font-size: large;\"><i>Nous vous souhaitons de beaux \u00e9changes!<\/i><\/span><\/p>\n<a href=\"https:\/\/mnbruchepiemont.org\/WORDPRESS\/wp-content\/uploads\/LISTE-DES-JARDINS-OUVERTS-EDITION-2024.pdf\" class=\"pdfemb-viewer\" style=\"\" data-width=\"max\" data-height=\"max\" data-toolbar=\"bottom\" data-toolbar-fixed=\"on\">LISTE DES JARDINS OUVERTS EDITION 2024<\/a>\n<a href=\"https:\/\/mnbruchepiemont.org\/WORDPRESS\/wp-content\/uploads\/Jardins-ouverts-24-A4.pdf\" class=\"pdfemb-viewer\" style=\"\" data-width=\"max\" data-height=\"max\" data-toolbar=\"bottom\" data-toolbar-fixed=\"on\">Jardins ouverts 24 A4<\/a>\n<p>&nbsp;<\/p>\n","protected":false},"excerpt":{"rendered":"<p>Jardins ouverts 2024 Cultivons l&#8217;\u00e9change en ouvrant nos jardins! Cette ann\u00e9e, cette manifestation traditionnelle aura lieu le\u00a0dimanche\u00a025 ao\u00fbt de 10h \u00e0 18h. Les accueillants (du territoire Bruche Pi\u00e9mont) s&#8217;inscrivent sur ce lien\u00a0avant le 18 ao\u00fbt pour ouvrir au moins deux &hellip; <a href=\"https:\/\/mnbruchepiemont.org\/?page_id=5930\">Continuer la lecture <span class=\"meta-nav\">&rarr;<\/span><\/a><\/p>\n","protected":false},"author":8,"featured_media":0,"parent":0,"menu_order":0,"comment_status":"closed","ping_status":"closed","template":"","meta":{"footnotes":""},"class_list":["post-5930","page","type-page","status-publish","hentry"],"_links":{"self":[{"href":"https:\/\/mnbruchepiemont.org\/index.php?rest_route=\/wp\/v2\/pages\/5930","targetHints":{"allow":["GET"]}}],"collection":[{"href":"https:\/\/mnbruchepiemont.org\/index.php?rest_route=\/wp\/v2\/pages"}],"about":[{"href":"https:\/\/mnbruchepiemont.org\/index.php?rest_route=\/wp\/v2\/types\/page"}],"author":[{"embeddable":true,"href":"https:\/\/mnbruchepiemont.org\/index.php?rest_route=\/wp\/v2\/users\/8"}],"replies":[{"embeddable":true,"href":"https:\/\/mnbruchepiemont.org\/index.php?rest_route=%2Fwp%2Fv2%2Fcomments&post=5930"}],"version-history":[{"count":6,"href":"https:\/\/mnbruchepiemont.org\/index.php?rest_route=\/wp\/v2\/pages\/5930\/revisions"}],"predecessor-version":[{"id":5944,"href":"https:\/\/mnbruchepiemont.org\/index.php?rest_route=\/wp\/v2\/pages\/5930\/revisions\/5944"}],"wp:attachment":[{"href":"https:\/\/mnbruchepiemont.org\/index.php?rest_route=%2Fwp%2Fv2%2Fmedia&parent=5930"}],"curies":[{"name":"wp","href":"https:\/\/api.w.org\/{rel}","templated":true}]}}