{"id":5718,"date":"2023-10-25T15:50:34","date_gmt":"2023-10-25T13:50:34","guid":{"rendered":"https:\/\/mnbruchepiemont.org\/?page_id=5718"},"modified":"2023-10-27T08:40:05","modified_gmt":"2023-10-27T06:40:05","slug":"concours-photo-fete-de-larbre-2023","status":"publish","type":"page","link":"https:\/\/mnbruchepiemont.org\/?page_id=5718","title":{"rendered":"Concours photo f\u00eate de l&#8217;arbre 2023"},"content":{"rendered":"<p>Les photos pr\u00e9s\u00e9lectionn\u00e9es au concours photo <span style=\"font-size: small;\">\u00ab <\/span>Duo d&#8217;arbres <span style=\"font-size: small;\">\u00bb<\/span><span style=\"font-size: 14px;\">\u00a0sont<br \/>\n(dans l&#8217;ordre alphab\u00e9tique des noms des photographes):\u00a0<\/span><\/p>\n<p>A1 : \u00ab Arbre et son reflet, le tout fig\u00e9, dans un paysage enneig\u00e9 \u00bb, Cynthia Borgdorf<br \/>\nA2 : \u00ab Un ch\u00eane qui ne manque pas de charmeS \u00bb, Jean Michel Brunetti<br \/>\nA3 : \u00ab Petit arbre deviendra grand \u00bb, Marie th\u00e9 Cuntzmann<br \/>\nA4 : \u00ab Ch\u00e2taigniers \u00bb, Jean-Jacques Gabel<br \/>\nA5 : \u00ab Le tronc et ses arbres \u00bb, Marie Rose Gibon<br \/>\nA6 : \u00ab Je t&#8217;aime, moi non plus&#8230; \u00bb, Michel Helmbacher<br \/>\nA7 : \u00ab L&#8217;arbre, force et vigueur ensommeill\u00e9e \u00bb, Benoit Koenig<br \/>\nA8 : \u00ab Ambiance onirique&#8230; \u00bb, J\u00e9r\u00e9my Koller<br \/>\nA9 : \u00ab Vie et Mort c\u00f4te \u00e0 c\u00f4te \u00bb, Roger Leblan<br \/>\nA10 : \u00ab Le roi de la for\u00eat \u00bb, Sabine Lutz<br \/>\nA11 : \u00ab Arbres remarquables \u00bb, Yvette Paclet<br \/>\nA12 : \u00ab Ombres vesp\u00e9rales \u00bb, No\u00eblle Ropp<br \/>\nA13 : \u00ab L\u2019arbre sur l\u2019eau \u00bb, Michel Seyer<br \/>\nA14 : \u00ab Feuillage colori\u00e9 d&#8217;automne dans taillis \u00bb, Robert Wantz<br \/>\nA15 : \u00ab Souvenirs d&#8217;enfance \u00bb, Marguerite Wolff<\/p>\n<p>Les num\u00e9ros attribu\u00e9s permettront aux visiteurs de la F\u00eate de l\u2019arbre de voter pour leur photo pr\u00e9f\u00e9r\u00e9e !<\/p>\n<div><\/div>\n<div><a href=\"https:\/\/mnbruchepiemont.org\/WORDPRESS\/wp-content\/uploads\/Fete-de-larbre-2023_Photos-preselectionnees-1.png\"><img loading=\"lazy\" decoding=\"async\" class=\"alignnone size-medium wp-image-5721\" src=\"https:\/\/mnbruchepiemont.org\/WORDPRESS\/wp-content\/uploads\/Fete-de-larbre-2023_Photos-preselectionnees-1-300x251.png\" alt=\"\" width=\"300\" height=\"251\" srcset=\"https:\/\/mnbruchepiemont.org\/WORDPRESS\/wp-content\/uploads\/Fete-de-larbre-2023_Photos-preselectionnees-1-300x251.png 300w, https:\/\/mnbruchepiemont.org\/WORDPRESS\/wp-content\/uploads\/Fete-de-larbre-2023_Photos-preselectionnees-1-768x644.png 768w, https:\/\/mnbruchepiemont.org\/WORDPRESS\/wp-content\/uploads\/Fete-de-larbre-2023_Photos-preselectionnees-1-358x300.png 358w, https:\/\/mnbruchepiemont.org\/WORDPRESS\/wp-content\/uploads\/Fete-de-larbre-2023_Photos-preselectionnees-1.png 940w\" sizes=\"auto, (max-width: 300px) 100vw, 300px\" \/><\/a><\/div>\n<div><a href=\"https:\/\/mnbruchepiemont.org\/WORDPRESS\/wp-content\/uploads\/Fete-de-larbre-2023_Photos-preselectionnees-2.png\"><img loading=\"lazy\" decoding=\"async\" class=\"alignnone size-medium wp-image-5720\" src=\"https:\/\/mnbruchepiemont.org\/WORDPRESS\/wp-content\/uploads\/Fete-de-larbre-2023_Photos-preselectionnees-2-300x251.png\" alt=\"\" width=\"300\" height=\"251\" srcset=\"https:\/\/mnbruchepiemont.org\/WORDPRESS\/wp-content\/uploads\/Fete-de-larbre-2023_Photos-preselectionnees-2-300x251.png 300w, https:\/\/mnbruchepiemont.org\/WORDPRESS\/wp-content\/uploads\/Fete-de-larbre-2023_Photos-preselectionnees-2-768x644.png 768w, https:\/\/mnbruchepiemont.org\/WORDPRESS\/wp-content\/uploads\/Fete-de-larbre-2023_Photos-preselectionnees-2-358x300.png 358w, https:\/\/mnbruchepiemont.org\/WORDPRESS\/wp-content\/uploads\/Fete-de-larbre-2023_Photos-preselectionnees-2.png 940w\" sizes=\"auto, (max-width: 300px) 100vw, 300px\" \/><\/a><\/div>\n<div><\/div>\n<div><a href=\"https:\/\/mnbruchepiemont.org\/WORDPRESS\/wp-content\/uploads\/Fete-de-larbre-2023_Photos-preselectionnees-3.png\"><img loading=\"lazy\" decoding=\"async\" class=\"alignnone size-medium wp-image-5722\" src=\"https:\/\/mnbruchepiemont.org\/WORDPRESS\/wp-content\/uploads\/Fete-de-larbre-2023_Photos-preselectionnees-3-300x251.png\" alt=\"\" width=\"300\" height=\"251\" srcset=\"https:\/\/mnbruchepiemont.org\/WORDPRESS\/wp-content\/uploads\/Fete-de-larbre-2023_Photos-preselectionnees-3-300x251.png 300w, https:\/\/mnbruchepiemont.org\/WORDPRESS\/wp-content\/uploads\/Fete-de-larbre-2023_Photos-preselectionnees-3-768x644.png 768w, https:\/\/mnbruchepiemont.org\/WORDPRESS\/wp-content\/uploads\/Fete-de-larbre-2023_Photos-preselectionnees-3-358x300.png 358w, https:\/\/mnbruchepiemont.org\/WORDPRESS\/wp-content\/uploads\/Fete-de-larbre-2023_Photos-preselectionnees-3.png 940w\" sizes=\"auto, (max-width: 300px) 100vw, 300px\" \/><\/a><\/div>\n<div><\/div>\n<div><\/div>\n<div><\/div>\n<div><\/div>\n","protected":false},"excerpt":{"rendered":"<p>Les photos pr\u00e9s\u00e9lectionn\u00e9es au concours photo \u00ab Duo d&#8217;arbres \u00bb\u00a0sont (dans l&#8217;ordre alphab\u00e9tique des noms des photographes):\u00a0 A1 : \u00ab Arbre et son reflet, le tout fig\u00e9, dans un paysage enneig\u00e9 \u00bb, Cynthia Borgdorf A2 : \u00ab Un ch\u00eane qui &hellip; <a href=\"https:\/\/mnbruchepiemont.org\/?page_id=5718\">Continuer la lecture <span class=\"meta-nav\">&rarr;<\/span><\/a><\/p>\n","protected":false},"author":8,"featured_media":0,"parent":0,"menu_order":0,"comment_status":"closed","ping_status":"closed","template":"","meta":{"footnotes":""},"class_list":["post-5718","page","type-page","status-publish","hentry"],"_links":{"self":[{"href":"https:\/\/mnbruchepiemont.org\/index.php?rest_route=\/wp\/v2\/pages\/5718","targetHints":{"allow":["GET"]}}],"collection":[{"href":"https:\/\/mnbruchepiemont.org\/index.php?rest_route=\/wp\/v2\/pages"}],"about":[{"href":"https:\/\/mnbruchepiemont.org\/index.php?rest_route=\/wp\/v2\/types\/page"}],"author":[{"embeddable":true,"href":"https:\/\/mnbruchepiemont.org\/index.php?rest_route=\/wp\/v2\/users\/8"}],"replies":[{"embeddable":true,"href":"https:\/\/mnbruchepiemont.org\/index.php?rest_route=%2Fwp%2Fv2%2Fcomments&post=5718"}],"version-history":[{"count":6,"href":"https:\/\/mnbruchepiemont.org\/index.php?rest_route=\/wp\/v2\/pages\/5718\/revisions"}],"predecessor-version":[{"id":5730,"href":"https:\/\/mnbruchepiemont.org\/index.php?rest_route=\/wp\/v2\/pages\/5718\/revisions\/5730"}],"wp:attachment":[{"href":"https:\/\/mnbruchepiemont.org\/index.php?rest_route=%2Fwp%2Fv2%2Fmedia&parent=5718"}],"curies":[{"name":"wp","href":"https:\/\/api.w.org\/{rel}","templated":true}]}}

Concours photo fête de l&#8217;arbre 2023

<p>Les photos présélectionnées au concours photo <span style="font-size: small;">« </span>Duo d&#8217;arbres <span style="font-size: small;">»</span><span style="font-size: 14px;"> sont<br />
(dans l&#8217;ordre alphabétique des noms des photographes): </span></p>
<p>A1 : « Arbre et son reflet, le tout figé, dans un paysage enneigé », Cynthia Borgdorf<br />
A2 : « Un chêne qui ne manque pas de charmeS », Jean Michel Brunetti<br />
A3 : « Petit arbre deviendra grand », Marie thé Cuntzmann<br />
A4 : « Châtaigniers », Jean-Jacques Gabel<br />
A5 : « Le tronc et ses arbres », Marie Rose Gibon<br />
A6 : « Je t&#8217;aime, moi non plus&#8230; », Michel Helmbacher<br />
A7 : « L&#8217;arbre, force et vigueur ensommeillée », Benoit Koenig<br />
A8 : « Ambiance onirique&#8230; », Jérémy Koller<br />
A9 : « Vie et Mort côte à côte », Roger Leblan<br />
A10 : « Le roi de la forêt », Sabine Lutz<br />
A11 : « Arbres remarquables », Yvette Paclet<br />
A12 : « Ombres vespérales », Noëlle Ropp<br />
A13 : « L’arbre sur l’eau », Michel Seyer<br />
A14 : « Feuillage colorié d&#8217;automne dans taillis », Robert Wantz<br />
A15 : « Souvenirs d&#8217;enfance », Marguerite Wolff</p>
<p>Les numéros attribués permettront aux visiteurs de la Fête de l’arbre de voter pour leur photo préférée !</p>
<div></div>
<div><a href="https://mnbruchepiemont.org/WORDPRESS/wp-content/uploads/Fete-de-larbre-2023_Photos-preselectionnees-1.png"><img loading="lazy" decoding="async" class="alignnone size-medium wp-image-5721" src="https://mnbruchepiemont.org/WORDPRESS/wp-content/uploads/Fete-de-larbre-2023_Photos-preselectionnees-1-300x251.png" alt="" width="300" height="251" srcset="https://mnbruchepiemont.org/WORDPRESS/wp-content/uploads/Fete-de-larbre-2023_Photos-preselectionnees-1-300x251.png 300w, https://mnbruchepiemont.org/WORDPRESS/wp-content/uploads/Fete-de-larbre-2023_Photos-preselectionnees-1-768x644.png 768w, https://mnbruchepiemont.org/WORDPRESS/wp-content/uploads/Fete-de-larbre-2023_Photos-preselectionnees-1-358x300.png 358w, https://mnbruchepiemont.org/WORDPRESS/wp-content/uploads/Fete-de-larbre-2023_Photos-preselectionnees-1.png 940w" sizes="auto, (max-width: 300px) 100vw, 300px" /></a></div>
<div><a href="https://mnbruchepiemont.org/WORDPRESS/wp-content/uploads/Fete-de-larbre-2023_Photos-preselectionnees-2.png"><img loading="lazy" decoding="async" class="alignnone size-medium wp-image-5720" src="https://mnbruchepiemont.org/WORDPRESS/wp-content/uploads/Fete-de-larbre-2023_Photos-preselectionnees-2-300x251.png" alt="" width="300" height="251" srcset="https://mnbruchepiemont.org/WORDPRESS/wp-content/uploads/Fete-de-larbre-2023_Photos-preselectionnees-2-300x251.png 300w, https://mnbruchepiemont.org/WORDPRESS/wp-content/uploads/Fete-de-larbre-2023_Photos-preselectionnees-2-768x644.png 768w, https://mnbruchepiemont.org/WORDPRESS/wp-content/uploads/Fete-de-larbre-2023_Photos-preselectionnees-2-358x300.png 358w, https://mnbruchepiemont.org/WORDPRESS/wp-content/uploads/Fete-de-larbre-2023_Photos-preselectionnees-2.png 940w" sizes="auto, (max-width: 300px) 100vw, 300px" /></a></div>
<div></div>
<div><a href="https://mnbruchepiemont.org/WORDPRESS/wp-content/uploads/Fete-de-larbre-2023_Photos-preselectionnees-3.png"><img loading="lazy" decoding="async" class="alignnone size-medium wp-image-5722" src="https://mnbruchepiemont.org/WORDPRESS/wp-content/uploads/Fete-de-larbre-2023_Photos-preselectionnees-3-300x251.png" alt="" width="300" height="251" srcset="https://mnbruchepiemont.org/WORDPRESS/wp-content/uploads/Fete-de-larbre-2023_Photos-preselectionnees-3-300x251.png 300w, https://mnbruchepiemont.org/WORDPRESS/wp-content/uploads/Fete-de-larbre-2023_Photos-preselectionnees-3-768x644.png 768w, https://mnbruchepiemont.org/WORDPRESS/wp-content/uploads/Fete-de-larbre-2023_Photos-preselectionnees-3-358x300.png 358w, https://mnbruchepiemont.org/WORDPRESS/wp-content/uploads/Fete-de-larbre-2023_Photos-preselectionnees-3.png 940w" sizes="auto, (max-width: 300px) 100vw, 300px" /></a></div>
<div></div>
<div></div>
<div></div>
<div></div>

<p>Les photos présélectionnées au concours photo « Duo d&#8217;arbres » sont (dans l&#8217;ordre alphabétique des noms des photographes):  A1 : « Arbre et son reflet, le tout figé, dans un paysage enneigé », Cynthia Borgdorf A2 : « Un chêne qui &hellip; <a href="https://mnbruchepiemont.org/?page_id=5718">Continuer la lecture <span class="meta-nav">&rarr;</span></a></p>
