{"id":4668,"date":"2020-11-24T11:10:31","date_gmt":"2020-11-24T10:10:31","guid":{"rendered":"http:\/\/mnbruchepiemont.org\/?page_id=4668"},"modified":"2020-11-24T11:10:31","modified_gmt":"2020-11-24T10:10:31","slug":"sylvotherapie-conference-en-ligne","status":"publish","type":"page","link":"https:\/\/mnbruchepiemont.org\/?page_id=4668","title":{"rendered":"Sylvoth\u00e9rapie \u2013 Conf\u00e9rence \u201cen ligne\u201d"},"content":{"rendered":"<div class=\"\">\n<div class=\"_1mf _1mj\">Vous avez toujours eu envie de d\u00e9couvrir la sylvoth\u00e9rapie et ce qu&#8217;elle peut vous amener ? En savoir plus sur les nombreux b\u00e9n\u00e9fices et bienfaits que la nature vous procure ?<\/div>\n<\/div>\n<div class=\"\">\n<div class=\"_1mf _1mj\">Cette vid\u00e9o est faite pour vous !<\/div>\n<\/div>\n<div class=\"\">\n<div class=\"_1mf _1mj\">Voici la visioconf\u00e9rence donn\u00e9e par Laetitia de\u00a0<span class=\"_247o\">Naturez-Soi &#8211; Sylvoth\u00e9rapie et Reiki<\/span>\u00a0d\u00e9but novembre dans le cadre d&#8217;un partenariat avec le\u00a0<span class=\"_247o\">Centre Socio-Culturel Arthur Rimbaud<\/span>\u00a0\u00e0 Obernai.<\/div>\n<div><a href=\"https:\/\/www.youtube.com\/watch?v=XGSq4NZbqqw&amp;feature=share&amp;fbclid=IwAR0xyxJTFrLrNf78gefEfCU4OHzkn2bHdYmbCL0bcKaXcSE1Sn8DTME7nOs&amp;ab_channel=NaturezSoi-Sylvoth%C3%A9rapieetReiki\" target=\"_blank\" rel=\"noopener noreferrer\">La sylvot\u00e9rapie<\/a><\/div>\n<\/div>\n","protected":false},"excerpt":{"rendered":"<p>Vous avez toujours eu envie de d\u00e9couvrir la sylvoth\u00e9rapie et ce qu&#8217;elle peut vous amener ? En savoir plus sur les nombreux b\u00e9n\u00e9fices et bienfaits que la nature vous procure ? Cette vid\u00e9o est faite pour vous ! Voici la &hellip; <a href=\"https:\/\/mnbruchepiemont.org\/?page_id=4668\">Continuer la lecture <span class=\"meta-nav\">&rarr;<\/span><\/a><\/p>\n","protected":false},"author":8,"featured_media":0,"parent":0,"menu_order":0,"comment_status":"closed","ping_status":"closed","template":"","meta":{"footnotes":""},"class_list":["post-4668","page","type-page","status-publish","hentry"],"_links":{"self":[{"href":"https:\/\/mnbruchepiemont.org\/index.php?rest_route=\/wp\/v2\/pages\/4668","targetHints":{"allow":["GET"]}}],"collection":[{"href":"https:\/\/mnbruchepiemont.org\/index.php?rest_route=\/wp\/v2\/pages"}],"about":[{"href":"https:\/\/mnbruchepiemont.org\/index.php?rest_route=\/wp\/v2\/types\/page"}],"author":[{"embeddable":true,"href":"https:\/\/mnbruchepiemont.org\/index.php?rest_route=\/wp\/v2\/users\/8"}],"replies":[{"embeddable":true,"href":"https:\/\/mnbruchepiemont.org\/index.php?rest_route=%2Fwp%2Fv2%2Fcomments&post=4668"}],"version-history":[{"count":1,"href":"https:\/\/mnbruchepiemont.org\/index.php?rest_route=\/wp\/v2\/pages\/4668\/revisions"}],"predecessor-version":[{"id":4669,"href":"https:\/\/mnbruchepiemont.org\/index.php?rest_route=\/wp\/v2\/pages\/4668\/revisions\/4669"}],"wp:attachment":[{"href":"https:\/\/mnbruchepiemont.org\/index.php?rest_route=%2Fwp%2Fv2%2Fmedia&parent=4668"}],"curies":[{"name":"wp","href":"https:\/\/api.w.org\/{rel}","templated":true}]}}