{"id":4175,"date":"2020-05-13T15:58:07","date_gmt":"2020-05-13T13:58:07","guid":{"rendered":"http:\/\/mnbruchepiemont.org\/?page_id=4175"},"modified":"2020-05-13T18:43:40","modified_gmt":"2020-05-13T16:43:40","slug":"nos-5-sens-en-reveil-revons-de-foret","status":"publish","type":"page","link":"https:\/\/mnbruchepiemont.org\/?page_id=4175","title":{"rendered":"R\u00eavons de for\u00eat"},"content":{"rendered":"<p>M\u00eame si nous ne pouvons pas nous rendre en for\u00eat pour le moment, rien ne nous emp\u00eache de r\u00eaver \u00e0 ce que nous aimerions faire et d\u00e9couvrir lors de nos prochaines promenades. Fermez les yeux et laissez-vous transporter par le pouvoir de l\u2019imagination\u2026<\/p>\n<p><a href=\"http:\/\/ariena.org\/nos-5-sens-en-reveil-10\/\" target=\"_blank\" rel=\"noopener noreferrer\">http:\/\/ariena.org\/nos-5-sens-en-reveil-10\/<\/a><\/p>\n","protected":false},"excerpt":{"rendered":"<p>M\u00eame si nous ne pouvons pas nous rendre en for\u00eat pour le moment, rien ne nous emp\u00eache de r\u00eaver \u00e0 ce que nous aimerions faire et d\u00e9couvrir lors de nos prochaines promenades. Fermez les yeux et laissez-vous transporter par le &hellip; <a href=\"https:\/\/mnbruchepiemont.org\/?page_id=4175\">Continuer la lecture <span class=\"meta-nav\">&rarr;<\/span><\/a><\/p>\n","protected":false},"author":8,"featured_media":0,"parent":0,"menu_order":0,"comment_status":"closed","ping_status":"closed","template":"","meta":{"footnotes":""},"class_list":["post-4175","page","type-page","status-publish","hentry"],"_links":{"self":[{"href":"https:\/\/mnbruchepiemont.org\/index.php?rest_route=\/wp\/v2\/pages\/4175","targetHints":{"allow":["GET"]}}],"collection":[{"href":"https:\/\/mnbruchepiemont.org\/index.php?rest_route=\/wp\/v2\/pages"}],"about":[{"href":"https:\/\/mnbruchepiemont.org\/index.php?rest_route=\/wp\/v2\/types\/page"}],"author":[{"embeddable":true,"href":"https:\/\/mnbruchepiemont.org\/index.php?rest_route=\/wp\/v2\/users\/8"}],"replies":[{"embeddable":true,"href":"https:\/\/mnbruchepiemont.org\/index.php?rest_route=%2Fwp%2Fv2%2Fcomments&post=4175"}],"version-history":[{"count":3,"href":"https:\/\/mnbruchepiemont.org\/index.php?rest_route=\/wp\/v2\/pages\/4175\/revisions"}],"predecessor-version":[{"id":4202,"href":"https:\/\/mnbruchepiemont.org\/index.php?rest_route=\/wp\/v2\/pages\/4175\/revisions\/4202"}],"wp:attachment":[{"href":"https:\/\/mnbruchepiemont.org\/index.php?rest_route=%2Fwp%2Fv2%2Fmedia&parent=4175"}],"curies":[{"name":"wp","href":"https:\/\/api.w.org\/{rel}","templated":true}]}}