{"id":4008,"date":"2020-04-16T15:16:34","date_gmt":"2020-04-16T13:16:34","guid":{"rendered":"http:\/\/mnbruchepiemont.org\/?page_id=4008"},"modified":"2024-11-27T10:58:38","modified_gmt":"2024-11-27T09:58:38","slug":"gardez-le-contact","status":"publish","type":"page","link":"https:\/\/mnbruchepiemont.org\/?page_id=4008","title":{"rendered":"Gardons le contact"},"content":{"rendered":"<p align=\"center\">Pensez \u00e0 bien explorer toutes les pages des menus &#8220;d\u00e9roulants&#8221; de<br \/>\n&#8220;<strong>Gardons le contact<\/strong>&#8221;<br \/>\nen mettant le curseur tour \u00e0 tour sur chacune des lignes.<\/p>\n<p align=\"center\">Pour toutes les activit\u00e9<br \/>\nVous pouvez nous faire part de vos observations et remarques \u00e0 contact&lt;at&gt;mnbruchepiemont.org<br \/>\nremplacer &lt;at&gt; par @<\/p>\n<p>Vous pouvez aussi utiliser les liens ci-dessous pour aller directement sur les pages concern\u00e9es sans passez par les menus.<\/p>\n<p><em><strong>Activit\u00e9s pour tous<\/strong><\/em><\/p>\n<p><a href=\"https:\/\/mnbruchepiemont.org\/?page_id=4031\" target=\"_blank\" rel=\"noopener noreferrer\">Vid\u00e9o live des nids (avec m\u00eame quelques photos)<\/a><br \/>\n<a href=\"https:\/\/youtu.be\/tNpSfanm1io\" target=\"_blank\" rel=\"noopener noreferrer\">Film sur le grand Rhinolophe (chauve souris)<\/a><br \/>\n<a href=\"https:\/\/www.meteocontact.fr\/quiz\" target=\"_blank\" rel=\"noopener noreferrer\">Quiz m\u00e9t\u00e9o (prenons l&#8217;air)<\/a><\/p>\n<p><em><strong>Activit\u00e9s pour les adultes<\/strong><\/em><\/p>\n<p><a href=\"https:\/\/mnbruchepiemont.org\/WORDPRESS\/?page_id=6026\" target=\"_blank\" rel=\"noopener\">&#8211; Synth\u00e8se de conf\u00e9rences Verger et Climat &#8211; 11\/2024<\/a><br \/>\n&#8211; <a href=\"https:\/\/mnbruchepiemont.org\/?page_id=4168\" target=\"_blank\" rel=\"noopener noreferrer\">Enfance sans nature (lettre ouverte)<\/a><br \/>\n&#8211; <a href=\"https:\/\/mnbruchepiemont.org\/?page_id=4209\" target=\"_blank\" rel=\"noopener noreferrer\">Prenons l&#8217;air : le bonheur par le bon air !<\/a><br \/>\n&#8211; <a href=\"https:\/\/mnbruchepiemont.org\/?page_id=4017\" target=\"_blank\" rel=\"noopener noreferrer\">La sylvoth\u00e9rapie par Laetitia REDEL<\/a><br \/>\n&#8211; <a href=\"https:\/\/mnbruchepiemont.org\/?page_id=4120\" target=\"_blank\" rel=\"noopener noreferrer\">Les minutes \u00ab \u00e9co-jardinage \u00bb par Eric Charton<\/a><br \/>\n<a href=\"https:\/\/www.youtube.com\/watch?v=XGSq4NZbqqw&amp;feature=share&amp;fbclid=IwAR0xyxJTFrLrNf78gefEfCU4OHzkn2bHdYmbCL0bcKaXcSE1Sn8DTME7nOs&amp;ab_channel=NaturezSoi-Sylvoth%C3%A9rapieetReiki\" target=\"_blank\" rel=\"noopener noreferrer\">&#8211; Visioconf\u00e9rence donn\u00e9e par Laetitia de\u00a0<span class=\"_247o\">Naturez-Soi &#8220;<\/span>La sylvoth\u00e9rapie&#8221;<\/a><\/p>\n<p><em><strong>Activit\u00e9s pour les enfants<\/strong><\/em><\/p>\n<p>Nos 5 sens en \u00e9veil (ARIENA)<br \/>\n&#8211; <a href=\"https:\/\/mnbruchepiemont.org\/?page_id=4071\" target=\"_blank\" rel=\"noopener noreferrer\">Et apr\u00e8s\u2026<\/a><br \/>\n&#8211; <a href=\"https:\/\/mnbruchepiemont.org\/?page_id=4106\" target=\"_blank\" rel=\"noopener noreferrer\">l\u2019\u0153il du photographe<\/a>,<br \/>\n&#8211; <a href=\"https:\/\/mnbruchepiemont.org\/?page_id=4113\" target=\"_blank\" rel=\"noopener noreferrer\">croquons le paysage<\/a><br \/>\n&#8211; <a href=\"https:\/\/mnbruchepiemont.org\/?page_id=4117\" target=\"_blank\" rel=\"noopener noreferrer\">la vie sauvage se cache partout<\/a><br \/>\n&#8211; <a href=\"https:\/\/mnbruchepiemont.org\/?page_id=4141\" target=\"_blank\" rel=\"noopener noreferrer\">les d\u00e9chets<\/a><br \/>\n&#8211; <a href=\"https:\/\/mnbruchepiemont.org\/?page_id=4155\" target=\"_blank\" rel=\"noopener noreferrer\">le plein d&#8217;\u00e9nergie<\/a><br \/>\n&#8211; <a href=\"https:\/\/mnbruchepiemont.org\/?page_id=4160\" target=\"_blank\" rel=\"noopener noreferrer\">les vergers sont en fleur<\/a><br \/>\n&#8211; <a href=\"https:\/\/mnbruchepiemont.org\/?page_id=4164\" target=\"_blank\" rel=\"noopener noreferrer\">\u00e7a coule de source<\/a><br \/>\n&#8211; <a href=\"https:\/\/mnbruchepiemont.org\/?page_id=4189\" target=\"_blank\" rel=\"noopener noreferrer\">la main verte et bio<\/a><br \/>\n&#8211; <a href=\"https:\/\/mnbruchepiemont.org\/?page_id=4175\" target=\"_blank\" rel=\"noopener noreferrer\">r\u00eavons en for\u00eat<\/a><br \/>\n&#8211; <a href=\"https:\/\/mnbruchepiemont.org\/?page_id=4177\" target=\"_blank\" rel=\"noopener noreferrer\">voyants au rouge<\/a><br \/>\n&#8211; <a href=\"https:\/\/mnbruchepiemont.org\/?page_id=4322\" target=\"_blank\" rel=\"noopener noreferrer\">\u00c7a grouille sous nos pieds<\/a><br \/>\n&#8211; <a href=\"https:\/\/mnbruchepiemont.org\/?page_id=4316\" target=\"_blank\" rel=\"noopener noreferrer\">Au printemps, faites vos plants !<\/a><br \/>\n&#8211; <a href=\"https:\/\/mnbruchepiemont.org\/?page_id=4318\" target=\"_blank\" rel=\"noopener noreferrer\">Les magiciens du sous-sol<\/a><br \/>\n&#8211; <a href=\"https:\/\/mnbruchepiemont.org\/?page_id=4310\" target=\"_blank\" rel=\"noopener noreferrer\">Une bonne gorg\u00e9e d\u2019eau fra\u00eeche !<\/a><br \/>\n&#8211; <a href=\"https:\/\/mnbruchepiemont.org\/?page_id=4312\" target=\"_blank\" rel=\"noopener noreferrer\">La nature dans nos objets du quotidien<\/a><\/p>\n<p>MNBP<\/p>\n<p>&#8211; <a href=\"https:\/\/mnbruchepiemont.org\/?page_id=4145\" target=\"_blank\" rel=\"noopener noreferrer\">Faussaire d&#8217;art<\/a><br \/>\n&#8211; <a href=\"https:\/\/mnbruchepiemont.org\/?page_id=4184\" target=\"_blank\" rel=\"noopener noreferrer\">L&#8217;\u00e9cole de la flore<\/a><br \/>\net dans la th\u00e9matique de &#8220;Prenons l&#8217;air&#8221;<br \/>\n<a href=\"https:\/\/mnbruchepiemont.org\/?page_id=4057\" target=\"_blank\" rel=\"noopener noreferrer\">&#8211; Savant sans en avoir l&#8217;air<\/a>,<br \/>\n<a href=\"https:\/\/mnbruchepiemont.org\/?page_id=4126\" target=\"_blank\" rel=\"noopener noreferrer\">&#8211; Deviens pilote<\/a>,<br \/>\n<a href=\"https:\/\/mnbruchepiemont.org\/?page_id=4207\" target=\"_blank\" rel=\"noopener noreferrer\">&#8211; L&#8217;air de rien<\/a>,<br \/>\n<a href=\"https:\/\/mnbruchepiemont.org\/?page_id=4227\" target=\"_blank\" rel=\"noopener noreferrer\">&#8211; Le parachute<\/a>,<br \/>\n<a href=\"https:\/\/mnbruchepiemont.org\/?page_id=4222\" target=\"_blank\" rel=\"noopener noreferrer\">&#8211; L&#8217;\u00e9olienne<\/a><\/p>\n","protected":false},"excerpt":{"rendered":"<p>Pensez \u00e0 bien explorer toutes les pages des menus &#8220;d\u00e9roulants&#8221; de &#8220;Gardons le contact&#8221; en mettant le curseur tour \u00e0 tour sur chacune des lignes. Pour toutes les activit\u00e9 Vous pouvez nous faire part de vos observations et remarques \u00e0 &hellip; <a href=\"https:\/\/mnbruchepiemont.org\/?page_id=4008\">Continuer la lecture <span class=\"meta-nav\">&rarr;<\/span><\/a><\/p>\n","protected":false},"author":8,"featured_media":0,"parent":0,"menu_order":0,"comment_status":"closed","ping_status":"closed","template":"","meta":{"footnotes":""},"class_list":["post-4008","page","type-page","status-publish","hentry"],"_links":{"self":[{"href":"https:\/\/mnbruchepiemont.org\/index.php?rest_route=\/wp\/v2\/pages\/4008","targetHints":{"allow":["GET"]}}],"collection":[{"href":"https:\/\/mnbruchepiemont.org\/index.php?rest_route=\/wp\/v2\/pages"}],"about":[{"href":"https:\/\/mnbruchepiemont.org\/index.php?rest_route=\/wp\/v2\/types\/page"}],"author":[{"embeddable":true,"href":"https:\/\/mnbruchepiemont.org\/index.php?rest_route=\/wp\/v2\/users\/8"}],"replies":[{"embeddable":true,"href":"https:\/\/mnbruchepiemont.org\/index.php?rest_route=%2Fwp%2Fv2%2Fcomments&post=4008"}],"version-history":[{"count":49,"href":"https:\/\/mnbruchepiemont.org\/index.php?rest_route=\/wp\/v2\/pages\/4008\/revisions"}],"predecessor-version":[{"id":6036,"href":"https:\/\/mnbruchepiemont.org\/index.php?rest_route=\/wp\/v2\/pages\/4008\/revisions\/6036"}],"wp:attachment":[{"href":"https:\/\/mnbruchepiemont.org\/index.php?rest_route=%2Fwp%2Fv2%2Fmedia&parent=4008"}],"curies":[{"name":"wp","href":"https:\/\/api.w.org\/{rel}","templated":true}]}}