{"id":3096,"date":"2018-06-08T18:31:00","date_gmt":"2018-06-08T16:31:00","guid":{"rendered":"http:\/\/mnbruchepiemont.org\/?page_id=3096"},"modified":"2018-06-08T18:35:04","modified_gmt":"2018-06-08T16:35:04","slug":"identifier-un-papillon","status":"publish","type":"page","link":"https:\/\/mnbruchepiemont.org\/?page_id=3096","title":{"rendered":"Identifier un papillon"},"content":{"rendered":"<p>Il existe des sites internet qui aide \u00e0 trouver le nom d&#8217;un papillon et par exemple:<\/p>\n<ul>\n<li>par une approche astucieuse o\u00f9 on choisit les couleurs mais on y trouvera que les papillons (155) les plus courants\u00a0<a href=\"http:\/\/www.vertdeterre.com\/nature\/animal\/rhinopacoul1av.php\" target=\"_blank\" rel=\"noopener\">VertdeTerre<\/a><\/li>\n<li>par une approche visuelle o\u00f9 toutes les photos sont bien visibles mais l\u00e0 encore on y trouvera que ceux (108) rencontr\u00e9s le plus fr\u00e9quemment\u00a0<a href=\"http:\/\/www.photospapillons.com\/papillons-de-france.php\" target=\"_blank\" rel=\"noopener\">PhotosPapillons<\/a><\/li>\n<li>par plusieurs approches tr\u00e8s structur\u00e9es o\u00f9 on trouvera les 144 papillons les plus courants (Esp\u00e8ces courantes) mais aussi un &#8220;Espace L\u00e9pidopt\u00e8res&#8221; avec plus de 2500 photos&#8230;\u00a0<a href=\"http:\/\/www.lepinet.fr\/identifier\/miniatures.php?e=p\" target=\"_blank\" rel=\"noopener\">L\u00e9pi&#8217;Net<\/a><\/li>\n<\/ul>\n","protected":false},"excerpt":{"rendered":"<p>Il existe des sites internet qui aide \u00e0 trouver le nom d&#8217;un papillon et par exemple: par une approche astucieuse o\u00f9 on choisit les couleurs mais on y trouvera que les papillons (155) les plus courants\u00a0VertdeTerre par une approche visuelle &hellip; <a href=\"https:\/\/mnbruchepiemont.org\/?page_id=3096\">Continuer la lecture <span class=\"meta-nav\">&rarr;<\/span><\/a><\/p>\n","protected":false},"author":8,"featured_media":0,"parent":0,"menu_order":0,"comment_status":"closed","ping_status":"closed","template":"","meta":{"footnotes":""},"class_list":["post-3096","page","type-page","status-publish","hentry"],"_links":{"self":[{"href":"https:\/\/mnbruchepiemont.org\/index.php?rest_route=\/wp\/v2\/pages\/3096","targetHints":{"allow":["GET"]}}],"collection":[{"href":"https:\/\/mnbruchepiemont.org\/index.php?rest_route=\/wp\/v2\/pages"}],"about":[{"href":"https:\/\/mnbruchepiemont.org\/index.php?rest_route=\/wp\/v2\/types\/page"}],"author":[{"embeddable":true,"href":"https:\/\/mnbruchepiemont.org\/index.php?rest_route=\/wp\/v2\/users\/8"}],"replies":[{"embeddable":true,"href":"https:\/\/mnbruchepiemont.org\/index.php?rest_route=%2Fwp%2Fv2%2Fcomments&post=3096"}],"version-history":[{"count":2,"href":"https:\/\/mnbruchepiemont.org\/index.php?rest_route=\/wp\/v2\/pages\/3096\/revisions"}],"predecessor-version":[{"id":3099,"href":"https:\/\/mnbruchepiemont.org\/index.php?rest_route=\/wp\/v2\/pages\/3096\/revisions\/3099"}],"wp:attachment":[{"href":"https:\/\/mnbruchepiemont.org\/index.php?rest_route=%2Fwp%2Fv2%2Fmedia&parent=3096"}],"curies":[{"name":"wp","href":"https:\/\/api.w.org\/{rel}","templated":true}]}}